t n(p) = -2*p + 1. Give n(g).
-9
Let p(a) = -152 - 2*a**2 + 33*a + 505 - 170 - 175. Determine p(12).
116
Let c(o) = o**2 - 1. Let z(a) be the first derivative of a**4/4 - 8*a**3/3 - 10*a**2 + a + 39. Let y = 23 - 13. Let i be z(y). What is c(i)?
0
Let g(x) = 14*x - 3. Let n be (-19 - -7)*(-4 + 2). Let d be (-8)/6 - (-80)/n. Determine g(d).
25
Let f(v) = -2*v**3 + 36*v**2 + 2*v - 25. Let l be (-27)/36 - (1/(-4) - 74/4). What is f(l)?
11
Let g(z) be the first derivative of -z**4/4 - 28*z**3/3 - 27*z**2/2 - z + 2402. Calculate g(-27).
-1
Let a(v) be the first derivative of -v**3/3 + 4*v**2 - 8*v - 1. Let m(q) = 47*q - 56. Let c be m(1). Let r be (-18 + 32)*c/(-21). Determine a(r).
4
Let d be (7/21)/((-38)/18 - -2). Let x(m) = -m**2 - 3*m - 4. Calculate x(d).
-4
Let h = 1276 + -1277. Let r(n) be the third derivative of -n**7/630 + n**6/720 - n**4/24 + 3*n**2. Let i(q) be the second derivative of r(q). What is i(h)?
-5
Suppose 22*s = -42*s - 10624. Let v = s - -176. Let b(k) = -k**2 + 9*k + 8. Give b(v).
-2
Suppose 2*v + 14 = -2*w, 5*w + 12*v = 15*v + 5. Let p be 35/w - ((-99)/(-22) + -6). Let h(o) = -o - 18. Give h(p).
-2
Let i(c) = 8*c - 30. Suppose 2*h + 69*s - 31 = 70*s, -2*s = 14. What is i(h)?
66
Let v(o) = -4*o**2 + 4*o + 1. Let b(c) = c**3 + 22*c**2 + 115*c - 15. Let t be b(-9). What is v(t)?
-23
Let p(l) = -4*l + 81. Let m(v) = -6*v + 88. Let i(u) = -6*m(u) + 7*p(u). Give i(-7).
-17
Let h(u) = u**2 + 6*u + 2. Let o(k) = 10*k**2 - 71*k + 118. Let a(d) = 4*d**2 - 24*d + 39. Let z(b) = 8*a(b) - 3*o(b). Let p be z(-12). Calculate h(p).
2
Let w(j) = j**3 - j - 2. Let q(f) = -2*f**2 + 53*f - 73. Let t be q(25). Give w(t).
4
Let s(y) = y**3 - y**2 - 6*y + 5. Let n be (-4)/(-30) - (44/24)/((-45)/(-126)). Determine s(n).
-115
Let g(m) = -4*m + 2. Suppose 3*y - 86 = 5*n, 54 = 3*y - 0*n + 3*n. Let v = y + -19. Calculate g(v).
-10
Let j(k) be the second derivative of -k**4/12 - 4*k**3/3 + 13*k**2 + 2*k + 58. Determine j(-11).
-7
Let d(m) = -3*m**3 + 3*m + m**3 - 9*m + m**3 - 9 + 106222638*m**2 - 106222630*m**2. Let v(z) = z**3 + 6*z**2 + 4*z + 2. Let b be v(-5). Give d(b).
-2
Let n(s) = 2*s**3 - 4*s**3 + s**3 - 4 - 5*s**2 + 4*s. Suppose 4*y - 3*k = 4 - 52, 0 = -y + 5*k - 46. Determine n(y).
8
Let r(i) = -2 + 2*i + 4 - 4 + 7*i**2 + 3. Suppose g - 2*g - n = -5, -n = -1. Suppose -5 = y + g*y. Give r(y).
6
Let h = -10 + 2. Let x(u) = -54*u - 16*u - 44*u - 5*u**2 + 3 + 104*u + 12*u**2 + u**3. Give x(h).
19
Let c(v) = 27*v - 68. Let u be c(12). Suppose 0 = 5*k + 261 - u. Let a(p) = -7*p**3 + 2*p**2 + 2*p + 1. Determine a(k).
8
Let m(j) be the second derivative of -j**4/12 - j**3/2 + 8*j**2 + 421*j. Give m(4).
-12
Let j(k) = -k**3 + 11*k**2 + 9*k - 3. Let h(l) = -l**3 + 51*l**2 + 55*l - 144. Let u be h(52). What is j(u)?
-39
Let t(i) = -10*i - 92. Let a(v) = -9*v - 89. Let y(k) = -4*a(k) + 3*t(k). Let r be y(-13). Let z(u) = -u**2 - 1 - 5*u**2 + 0 + u. Calculate z(r).
-23
Let p(a) = -a**3 - 28*a**2 - a - 20. Suppose 6*n - 52*n = 11*n + 1596. Determine p(n).
8
Let i(l) = 6*l + 12. Suppose -f + 7*f + 60 = -0. Determine i(f).
-48
Suppose 3*a = 2*y + 33, 4*a - 3*y - 58 = 2*y. Let h(v) = 51*v - 363. What is h(a)?
-6
Let l = 38 + -23. Suppose z - 6*z + l = 0. Let d(w) = -4*w**3 + 2*w**2 - w + 16. Let n(m) = -m**3 + m**2 - m + 4. Let b(i) = d(i) - 5*n(i). What is b(z)?
8
Let z be (-183)/(-9) + 13 + 238/(-21). Let b(o) = o**3 - 22*o**2. Calculate b(z).
0
Let a(m) = m - 5*m + m**3 - 4*m**2 + 7 + 0*m**3. Suppose 0 = -13*f + 5 - 5. Suppose -196*k + 195*k + 5 = f. Calculate a(k).
12
Suppose 2*j = -4*c - 10, 3*j + 0 = 2*c + 17. Let y(a) = 60*a**3 - 21*a + 22*a - 61*a**j - 3*a**2 - 1. What is y(-3)?
-4
Let l(v) = -v**2 + 4*v - 5. Suppose 6*x - 10*x = 0. Let o be (-2)/2 + 1 + x. Let t be ((-3)/6 - o)*-10. Calculate l(t).
-10
Let t(y) = -3*y. Let l(q) = 20 - 12 - 28 - 4*q. Let n be l(-5). Suppose n*b = -7*b - 14. Determine t(b).
6
Let s(q) = -q + 11. Suppose 251*l + 120 = 246*l. Let y be -3*(-8)/l - -6. Give s(y).
6
Let m(j) = 4*j - 100. Let x be 28 + ((-8)/18 - (-66)/(-297))*3. Calculate m(x).
4
Suppose -43*q + 45*q = 2. Let k(r) = -3*r**2 + 30*r + 23*r - q + r**3 - 51*r. Let h be k(3). Let v(x) = x**2 - 6*x. What is v(h)?
-5
Let b(u) = -35*u + 8*u + 10 + 2*u + 3*u + 8*u. Let m(o) = -3*o + 5. Let r be m(-4). Let q(h) = 5*h - 3. Let y(c) = r*q(c) + 6*b(c). Calculate y(-7).
2
Let o(c) = -c + 1. Let v(n) = 9*n**3 + n**2 + 3*n - 4. Let i(f) = -4*o(f) - v(f). Suppose 101*a = 58*a + 58*a - 15. Determine i(a).
-9
Let u(y) = -y**2 - 3*y + 6. Let z be ((-6)/(-4))/((-2)/4). Let b be 216/(-16)*(-4)/z. Let t = 12 + b. Calculate u(t).
-12
Let l(k) = -k**3 + k**2 - k - 12. Let j = 92 - 110. Let c be (j + 18)*2/4. Give l(c).
-12
Let b be (24/(-60))/((-59)/(-60) + -1). Suppose 51 = -9*t + b. Let a(u) = -u**2 - 2*u. Give a(t).
-3
Let k(a) = -a**3 - 12*a**2 - 25*a - 39. Let j be k(-10). Let i(z) be the second derivative of z**5/20 - 11*z**4/12 - z**3/6 + z**2/2 + z - 25. Determine i(j).
-10
Let r = 4611 - 4614. Let n(y) = -2*y**2 + 23*y + 74. Calculate n(r).
-13
Let i(q) = q**2 + q - 140. Let d be i(-12). Let x(a) = 22*a + 164. Let n be x(d). Let h(o) = -o**3 - 11*o**2 + 11*o - 7. Determine h(n).
5
Let q(s) be the second derivative of -s**5/20 - 5*s**4/6 - s**3 + 13*s**2/2 + 10983*s. What is q(-9)?
-14
Let j be (-1 - -6) + 1*2. Let m(q) = -7*q + 10. Let i = 281 + -278. Let u(h) = 12*h - 20. Let z(w) = i*u(w) + 5*m(w). Calculate z(j).
-3
Let q(b) = -3*b + 7. Let j(s) = 6*s - 15. Let a(x) = -2*j(x) - 5*q(x). Suppose -t - 40 = -267. Suppose t*z = 223*z + 24. Determine a(z).
13
Suppose -5*p - 5*i = -11*p - 129, -5*p = 3*i + 86. Let c(w) = -2*w - 35. Determine c(p).
3
Let o(d) = -18011 + 36077 - 14*d - 18010. What is o(3)?
14
Suppose 17 = -4*p + 2*o + 57, 0 = -2*p - 2*o + 14. Let f(m) be the first derivative of m**3/3 - 11*m**2/2 + m + 18. Determine f(p).
-17
Suppose -3*r = -c - 2, 2*r + c - 3 = -0*c. Let l(b) = 8*b**3 + b + 3*b - 51 + 10 + 40 + 0*b - 3*b. Determine l(r).
8
Let r(x) = 2*x**2 - 7*x**2 - 50*x + 25*x**2 + 11. Let i(s) = -7*s**2 + 17*s - 4. Let g(f) = -17*i(f) - 6*r(f). Let b = 2 + 9. Calculate g(b).
2
Let d(b) be the first derivative of -309 + 306 - 2*b + b**2 + b. Let k(u) = u**2 - 29*u - 31. Let p be k(30). What is d(p)?
-3
Let b(o) be the first derivative of -2*o**2 - 3*o - 248. Let a(z) = 4*z - 15. Let k be a(5). Determine b(k).
-23
Let s(v) be the second derivative of 25*v + 1/6*v**3 - 9*v**2 - 2. Determine s(13).
-5
Let f be 0/9*(1 + 0). Suppose -20 = -2*x - 4*g, -4*x - 6*g + 30 = -3*g. Suppose f*d - x = -d. Let l(i) = -i**2 + 6*i + 4. Determine l(d).
4
Let t(z) = -71*z + 709. Let d(n) = 141*n - 1309. Let f(p) = -4*d(p) - 7*t(p). Give f(4).
5
Let d(z) = -z**3 - 18. Let s(g) = g**2 - 7*g - 7. Let m be s(-5). Let j = m - 51. Let l be 0/1*j/(-4). Give d(l).
-18
Suppose -c - 4*c = -5*i - 5, 3*i + 7 = 4*c. Suppose a + 5*t = -2*a + 67, -5*a + 55 = -i*t. Let x = a - 6. Let p(b) = b**3 - 8*b**2 + 6. What is p(x)?
6
Let u(v) = -v**3 - 4*v**2 + 5*v + 4. Suppose 3*d - 9 = -5*h, h + 5 - 12 = 2*d. Let q be 1*(0 + -2) + -1 + d. Give u(q).
4
Let d(b) = b**3 + 7*b**2 - 9*b + 9. Let r be -4 - (6 - 9) - -7. Suppose 3*m + 4*n + 2 = -r, -16 = m - 2*n. Calculate d(m).
17
Let k = 4 - 4. Let u(z) be the second derivative of -z**5/20 + z**4/12 - z**3/6 + 4*z**2 + 304*z. What is u(k)?
8
Let t(y) = 9595*y - 80 + 9621*y - 19202*y. What is t(6)?
4
Let c = -7 - -12. Let f(w) = 11 + 11921*w**2 + 4*w - 11922*w**2 - 10. Determine f(c).
-4
Let h(y) = 2*y - 31. Let d(z) = -3*z**2 + 16*z + 1. Let b(w) = -7*w**2 + 34*w + 4. Let o(c) = 4*b(c) - 9*d(c). Let v be o(-7). Give h(v).
-3
Let l = -1 - -6. Let x = -3 + l. Let n(w) = -62*w**2 - 25*w + 6. Let c(h) = -27*h**2 - 11*h + 3. Let s(t) = 7*c(t) - 3*n(t). Determine s(x).
-13
Let c(h) = -h + 4. Let t = 383 - 358. Suppose 2*p = 0, 3*p - 1 - 1 = -z. Suppose z*d = -2*d - 5*v - t, 5*d - v - 5 = 0. Calculate c(d).
4
Let v(a) = a + 2. Let j = -202 - -206. Let g be (j/8)/((-3)/(-18)). Give v(g).
5
Let x be ((-19)/(-3) - 5)/((-12)/27). Let y(j) = 5*j**3 - 17*j**2 + 4*j - 3. Let f(z) = -z**3 + 4*z**2 - z + 1. Let i(v) = 9*f(v) + 2*y(v). Give i(x).
-3
Let c(l) = l**3 - 9*l**2 - 4*l + 23. Suppose 599*g - 603*g + 12 = 0. Let f(q) = -q**3 + 9*q**2 + 5*q - 24. Let s(d) = g